.
4
Let v(l) = l**3 - 2*l**2 - 5*l + 4. Let d be v(3). Let m(g) be the third derivative of -g**6/120 - g**5/60 + g**4/24 - g**3/3 - 478*g**2. Give m(d).
0
Let x = 3 + -6. Let a be (5 - -1)*2/x. Let k(c) be the second derivative of -c**5/20 - c**4/4 + c**3/2 + 3*c**2/2 - 4*c. Calculate k(a).
7
Let j = 2048 - 2048. Let b(c) = -c**3 - 2*c**2 - 2*c + 10. Determine b(j).
10
Let r(a) = -3*a + 60. Let n(p) = 2*p - 33. Let m(h) = 11*n(h) + 6*r(h). Give m(4).
13
Let a = 7 + -3. Let n(f) = 0*f + f**2 + 4*f + 3*f + a - 2. Suppose 0 = 47*v + 153 + 82. Calculate n(v).
-8
Let c(g) = g**2 - 2*g + 2. Let z = -7 - -4. Let f be (-3)/(-2) + z/(-2). Let h be 2 + 3 - (-1 + f). What is c(h)?
5
Let n(m) be the third derivative of m**5/120 - m**4/6 - m**3/3 - 6*m**2. Let k(r) be the first derivative of n(r). Give k(0).
-4
Let r be (3 + 9/(-2))*(-70)/15. Let j(m) = m - 5. Calculate j(r).
2
Let c(h) = h**2 + 14*h - 6. Let v be c(-14). Let l(z) = -6*z + 21*z**3 - 7 - 37*z**3 + 17*z**3 + 5*z**2. Determine l(v).
-7
Suppose 0 = 3*d - a - 65, -6*d = -2*d - 5*a - 72. Let u = 17 - d. Let c(l) = l**2 + 7*l + 8. What is c(u)?
2
Let o(r) = 14*r + 104. Let l be o(-8). Let y(h) = h - 11. Give y(l).
-19
Let m(z) = 8*z**2 + 9*z - 8. Let l(r) = -3*r**2 + r + 1. Let h(n) = 3*l(n) + m(n). Give h(11).
6
Let a(v) be the third derivative of -v**8/6720 - v**7/420 + v**6/90 - v**5/60 - 13*v**4/12 - 3*v**2. Let m(r) be the second derivative of a(r). What is m(-7)?
-9
Let s = -22 + 24. Let x(i) = 6*i - s*i - 5*i + 1. What is x(1)?
0
Let a(l) = -136 + 76 + 55 - 7*l. What is a(-4)?
23
Let p(k) = 22*k + 280. Let a be p(-13). Let h(q) = q**3 + 5*q**2 - 10*q - 14. Give h(a).
10
Let a be -5 - ((-4)/1 - -1). Let j be (-21)/a*(-4)/6. Let f(m) = -m**2 - 8*m - 3. Give f(j).
4
Suppose 15 + 20 = h. Let p be 4/10 - (-21)/h. Suppose 0 = w - 3*q - 23 + p, w = 5*q + 32. Let l(g) = -g + 3. Calculate l(w).
-4
Let b(y) = -y**2 - 2*y + 1. Let d = -5 + 13. Let m be -3 - 4/d*-6. Suppose n - 5*l = -m*n - 8, n = -4*l + 1. Calculate b(n).
-2
Suppose 0 = 180*a - 178*a + 12. Let k(n) = n**3 + 7*n**2 + 4*n - 5. Give k(a).
7
Let l(v) = 5*v - 1. Let c be l(-1). Let t(f) = 0*f**2 - f**2 - 17 - 19 - 3*f + 63 - 19. Give t(c).
-10
Let c(d) = -4*d - d**2 + 7*d + 3 + 0. Let q(t) = -t**3 - 9*t**2 - 8*t - 2. Let x = -13 + 5. Let i be q(x). What is c(i)?
-7
Let j = -1447 - -1443. Let d(t) = t - 15. Let s(g) = -8. Let c(x) = 3*d(x) - 5*s(x). Give c(j).
-17
Let m(g) = -15*g**3 + 36*g**2 - 17*g + 4. Let p(h) = 7*h**3 - 17*h**2 + 8*h - 2. Let z(x) = -6*m(x) - 13*p(x). Give z(5).
-8
Suppose 0 = -4*c + 3*c + 5. Suppose -3*y - c = -4*y - 2*k, 5*k = 10. Let b(h) = 3*h**3 - h. What is b(y)?
2
Let v(w) = w**3 + 6*w**2 + 6*w - 3. Let a be 573/12 + (9/(-12))/(-3). Suppose 28 = 4*b + a. Calculate v(b).
-8
Let c(l) = -2*l - 3. Let v = 38 + -33. Suppose -2 = 4*t - v*w, 0 = 2*t - w + 4*w + 12. Determine c(t).
3
Let z = 12 + -9. Let j(x) = z*x + 4*x + 2 - 2*x - 4*x. Give j(-4).
-2
Suppose -5*l = -6 + 1. Let h(u) = l + 5*u**3 - u + 0 - 6*u**2 - 3*u**3 + 4*u**2. Suppose -5*c = -0*c + 5*o, 4*c + o - 6 = 0. Determine h(c).
7
Suppose 0 = -0*o + 3*o - s - 11, 2*o = -2*s + 18. Suppose -o*x = q + 2, 0 = -2*q - 0*q - 2*x + 12. Let a = -11 + q. Let l(t) = -t**2 + t + 4. Give l(a).
-8
Let q(u) be the first derivative of u**2 + 3*u + 188. Give q(-2).
-1
Suppose 0 = -d - 0 + 2. Let v(h) be the first derivative of -h**4/2 + 2*h**3/3 - 3*h**2/2 + 2*h - 28. Calculate v(d).
-12
Let a(j) = 13*j - 4. Let o(n) = -33*n + 7. Let b(z) = 5*a(z) + 2*o(z). What is b(-2)?
-4
Let a = 1827 - 1827. Let c(x) = -x**2 + x + 12. Give c(a).
12
Let j = 48 - 46. Let m(c) = c**3 - 4*c + 5 + 6*c**2 - 3*c**j - 6*c**2. Determine m(4).
5
Let v(u) = -5*u + 13. Let w(i) = 2*i - 4. Let j(c) = v(c) + 2*w(c). What is j(9)?
-4
Let h(g) = g + 15. Let l = -60 + 41. Let q = 19 + l. Determine h(q).
15
Let l(c) = 3*c**2 - 1. Let s be l(-1). Suppose -7*r + s*r = -40. Let o = 14 - r. Let d(v) = -v**2 + 7*v - 6. What is d(o)?
0
Let f be (-2)/6*132/(-4). Let c(n) = -n**2 + 12*n - 11. Let v be c(f). Let k(y) = v + y + 5 - 6*y + y**2 + 4*y. Determine k(0).
5
Suppose 2*n = 3*b - 15, -2*n = -13*b + 8*b + 25. Let l(m) = -m + 2. Calculate l(n).
2
Let u(l) be the second derivative of l**4/12 + l**3 + 5*l**2/2 + 19*l. What is u(-6)?
5
Suppose 4*z - 18 = -5*z. Suppose 0 = 5*t + o - 4 - 11, -z*o = -2*t + 6. Let w(q) = q**2 - 8*q + 3. Give w(t).
-12
Let o(h) = 4*h**2 + 47*h + 116. Let u be o(-8). Let d(l) be the third derivative of -l**4/24 - 2*l**3/3 + l**2. Calculate d(u).
0
Let d(p) = p**2 - 6*p - 3. Let f be ((-63)/6)/((-2)/4). Suppose f = 5*w - 3*v, -6*v + 2 = 4*w - v. What is d(w)?
-12
Let v(k) = 2*k - 1. Let m = 186 - 184. Determine v(m).
3
Let i be -2 + (2 - (2 + 0)). Let n(x) = x**3 - x**2 + 2*x. Calculate n(i).
-16
Let o(b) be the third derivative of -b**6/120 - b**5/60 - b**4/8 + 4*b**3/3 - 57*b**2 + 7*b. Calculate o(0).
8
Let x(g) = 14*g**3. Let r be (0 + 1)*8/2. Suppose 112 = 5*y + 57. Suppose y = 5*h - r*w, -7*w + 3*w = -4*h + 12. Determine x(h).
-14
Suppose -n - 2*m - 2 + 8 = 0, -2*m + 2 = 0. Let x(i) = -3*i**2 + 3*i + 2. What is x(n)?
-34
Suppose 5*w - 20 = -n, 10 = -5*n - 5*w + 30. Let g(m) be the first derivative of m**2 - 6*m - 1. Let y be g(n). Let d(o) = -o - 1. What is d(y)?
5
Let p(z) = 0 - 14*z**2 - 3*z - 1 + 16 + 2*z + z**3. What is p(14)?
1
Let c(j) = -j**2 - 3*j. Let t(a) = a**2 + 2*a - 2. Let g(y) = -3*c(y) - 2*t(y). Calculate g(-3).
-2
Let g be 7/3 - 10/30. Let w(c) = c - 2*c - g + 2*c + 2*c**2. Suppose 0 = -2*x + 3*t + 19, 0 + 15 = -3*t. Give w(x).
8
Let f = 99 + -94. Let p(n) = n - 5 - f + 17 - 3 - n**2. Let r be (-1 + 3)/((-1)/2). Give p(r).
-16
Let d(l) = -l**3 + 6*l**2 - 7*l - 4. Let i = 1989 + -1985. Determine d(i).
0
Let k(u) = 4*u + 2. Let p(q) = 2*q - 3. Suppose -10 = -2*f - 2. Let h be p(f). Suppose 2*a + 9 = h. What is k(a)?
-6
Let l(i) = -i + 9. Let f(c) = -c**3 - 12*c**2 - 2*c + 29. Let s be f(-12). Suppose 11 = -6*n + s. Give l(n).
2
Suppose -5*v + 5 = -4*v. Let g be (10/30)/((-2)/(-24)). Let q(r) = r - 4*r + 3 + g*r. Calculate q(v).
8
Let y = 21 + 67. Let n(a) = y + a**2 - 88 - a. Let s = -18 - -20. What is n(s)?
2
Let g(r) be the first derivative of 2*r**3/3 + r**2 + r - 1. Let q be ((224/(-49))/(-16))/((-2)/14). Determine g(q).
5
Let a(g) = 3*g + 1. Suppose -2*v + 4 = 4*k, 2*k = -v + 2*v + 6. Give a(k).
7
Let z(y) be the first derivative of y**3/3 + 7*y**2/2 + 3*y + 289. Determine z(-3).
-9
Let y = 22609/24 - 942. Let h(z) be the third derivative of 0*z - 1/2*z**3 - y*z**4 + z**2 + 0 - 1/60*z**5. Calculate h(0).
-3
Suppose -12*m = -10*m - 4. Let a(n) = -2*n + n**2 - 4*n**m + 52*n**3 - 51*n**3. Calculate a(4).
8
Let h = -12 + 17. Let t(u) = 2*u - 6. Let z(i) = 10*i - 31. Let b(c) = c + 2. Let n be b(9). Let p(m) = n*t(m) - 2*z(m). Determine p(h).
6
Let i = 5 - 5. Let y(u) be the second derivative of 0*u**3 + 0 - 1/20*u**5 - 2*u + 6*u**2 + 1/12*u**4. What is y(i)?
12
Let g be 4/(-16) + (3 - 141/12). Let r(j) = 7 - j + 0 - 13. Give r(g).
3
Suppose l - 2 = 0, -2*l + 172 = 8*k - 12*k. Let g = k - -47. Let r(n) = 4*n + 2. Let c(i) = -i - 1. Let w(h) = -3*c(h) - r(h). Calculate w(g).
-4
Let t(i) = -2*i - 7. Let v(a) = 2*a + 6. Let y = -14 + 9. Let q(x) = y*t(x) - 6*v(x). Determine q(4).
-9
Let a(z) = 7*z**2 - 3*z + 3. Let m(t) = -t**2 + 38*t + 40. Let c be m(39). What is a(c)?
7
Let l(o) = 24 + 2*o**2 + 13*o - 13*o**2 - 10 + 7*o**2 + 5*o**2. Calculate l(-10).
-16
Let u(v) = 3*v**3 - 15*v**2 - v - 9. Let m(j) = -4*j**3 + 22*j**2 + 2*j + 13. Let c(d) = -5*m(d) - 7*u(d). Calculate c(-4).
-6
Let d(l) = -l**2 + 2*l. Suppose 4*n - 32 = 2*j, j = -3*j - 16. Suppose -2*s + n*s = 0. Suppose 4 = 2*c - s. Calculate d(c).
0
Let s(j) = -5*j**2 - 21*j + 54. Let y be s(-6). Let m(l) be the second derivative of 0*l**3 - 3*l + 0 + 1/20*l**5 + 1/12*l**4 + y*l**2. Calculate m(-1).
0
Suppose -92 = -4*g + 2*p + p, -3*g = p - 69. Let c = g - 18. Let l(j) = 7*j - 9. Let o(s) = -4*s + 4. Let n(b) = -3*l(b) - 5*o(b). What is n(c)?
2
Let i(a) = 6*a**2 - 1. Let l(t) = -t**2. Let u(g) = i(g) + 4*l(g). Let s(p) = -16*p + 1. Let m be s(0). Determine u(m).
1
Let z = 381 - 376. Let j(h) = h**3 - 6*h**2 + 5*h - 6. Determine j(z).
-6
Let q(g) = -4*g**2 - g + 1. Let w be 2/14 - (-13)/7. Suppose 3 - w = i. 